ded by 56?
42
Calculate the remainder when 258540 is divided by 1780.
440
What is the remainder when 11817785 is divided by 25803?
11
What is the remainder when 22711885 is divided by 7570627?
4
What is the remainder when 13152045 is divided by 13152031?
14
Calculate the remainder when 106704 is divided by 106509.
195
What is the remainder when 46620751 is divided by 282550?
1
What is the remainder when 95429193 is divided by 33?
24
Calculate the remainder when 147839 is divided by 309.
137
Calculate the remainder when 484247 is divided by 1625.
1622
Calculate the remainder when 2478938 is divided by 206578.
2
Calculate the remainder when 2656795 is divided by 331989.
883
What is the remainder when 19106929 is divided by 830736?
1
Calculate the remainder when 77395 is divided by 653.
341
Calculate the remainder when 22441598 is divided by 32.
30
Calculate the remainder when 189723 is divided by 11850.
123
What is the remainder when 1970204 is divided by 394038?
14
Calculate the remainder when 16836 is divided by 16790.
46
Calculate the remainder when 500653 is divided by 4814.
4811
What is the remainder when 291321329 is divided by 4515?
4499
Calculate the remainder when 551699 is divided by 1059.
1019
Calculate the remainder when 62479 is divided by 49.
4
What is the remainder when 1075072844 is divided by 1307?
1301
Calculate the remainder when 566474 is divided by 62409.
4793
What is the remainder when 1527316 is divided by 669?
658
Calculate the remainder when 22039866 is divided by 1807.
1694
What is the remainder when 174539 is divided by 18881?
4610
Calculate the remainder when 579808 is divided by 8653.
57
Calculate the remainder when 34883 is divided by 1102.
721
What is the remainder when 8313 is divided by 1214?
1029
What is the remainder when 381780 is divided by 53?
21
What is the remainder when 623119 is divided by 44?
35
Calculate the remainder when 30321 is divided by 15038.
245
Calculate the remainder when 12101469 is divided by 1728772.
65
Calculate the remainder when 560135 is divided by 37341.
20
Calculate the remainder when 3481477 is divided by 114.
31
What is the remainder when 2108105 is divided by 702?
701
Calculate the remainder when 127356702 is divided by 1202.
1196
Calculate the remainder when 40472 is divided by 662.
90
Calculate the remainder when 9184440 is divided by 15462.
12
Calculate the remainder when 50994 is divided by 50835.
159
What is the remainder when 7820429 is divided by 378?
365
What is the remainder when 5168102 is divided by 738266?
240
Calculate the remainder when 397919 is divided by 394.
373
What is the remainder when 33735514 is divided by 5096?
5090
Calculate the remainder when 32810 is divided by 15751.
1308
What is the remainder when 6426053 is divided by 637?
634
What is the remainder when 9992 is divided by 873?
389
Calculate the remainder when 2975135 is divided by 1664.
1567
Calculate the remainder when 5634887 is divided by 804981.
20
Calculate the remainder when 266153 is divided by 9175.
78
What is the remainder when 4570072 is divided by 56420?
52
What is the remainder when 43004805 is divided by 264?
261
Calculate the remainder when 34505170 is divided by 4058.
4054
Calculate the remainder when 602918 is divided by 71.
57
What is the remainder when 2201045 is divided by 2262?
119
What is the remainder when 7756438 is divided by 120?
118
Calculate the remainder when 111264 is divided by 55317.
630
What is the remainder when 2273589 is divided by 447?
147
Calculate the remainder when 230040 is divided by 107.
97
What is the remainder when 39673 is divided by 39614?
59
Calculate the remainder when 3700962 is divided by 772.
766
What is the remainder when 4172129 is divided by 563?
299
Calculate the remainder when 2176 is divided by 635.
271
What is the remainder when 194239 is divided by 1351?
1046
What is the remainder when 63688 is divided by 2387?
1626
Calculate the remainder when 114866 is divided by 16371.
269
Calculate the remainder when 416741 is divided by 4295.
126
Calculate the remainder when 15146970 is divided by 15146935.
35
What is the remainder when 10422168 is divided by 165431?
15
What is the remainder when 151178009 is divided by 172?
157
What is the remainder when 2254969 is divided by 45099?
19
What is the remainder when 78912 is divided by 39228?
456
Calculate the remainder when 284791 is divided by 1705.
56
What is the remainder when 3031478 is divided by 310?
298
Calculate the remainder when 45729050 is divided by 244.
34
Calculate the remainder when 168838 is divided by 2715.
508
Calculate the remainder when 577505 is divided by 174.
173
What is the remainder when 2184339 is divided by 14959?
325
What is the remainder when 45057212 is divided by 15019051?
59
Calculate the remainder when 127812125 is divided by 8437.
12
Calculate the remainder when 5044396 is divided by 13001.
8
Calculate the remainder when 104693 is divided by 30.
23
Calculate the remainder when 883418 is divided by 1686.
1640
Calculate the remainder when 9227734 is divided by 16.
6
What is the remainder when 17404456 is divided by 1434?
1432
Calculate the remainder when 231241 is divided by 32750.
1991
Calculate the remainder when 15121778 is divided by 1014.
1010
Calculate the remainder when 2931627 is divided by 386.
343
What is the remainder when 4100149 is divided by 4952?
4845
What is the remainder when 3461482 is divided by 32350?
32
What is the remainder when 582869 is divided by 4380?
329
What is the remainder when 1045738 is divided by 58?
56
What is the remainder when 99082237 is divided by 32?
29
What is the remainder when 478006 is divided by 51?
34
What is the remainder when 1488859 is divided by 16360?
99
What is the remainder when 104281 is divided by 47?
35
Calculate the remainder when 5560250 is divided by 30218.
138
What is the remainder when 7216064 is divided by 416?
128
What is the remainder when 166162 is divided by 41388?
610
Calculate the remainder when 459441 is divided by 459437.
4
Calculate the remainder when 404831 is divided by 5618.
335
Calculate the remainder when 5978464 is divided by 501.
31
What is the remainder when 143683 is divided by 61?
28
Calculate the remainder when 141549 is divided by 3709.
607
Calculate the remainder when 763888 is divided by 40114.
1722
Calculate the remainder when 366411 is divided by 211.
115
Calculate the remainder when 4147984 is divided by 3050.
3034
What is the remainder when 2751304 is divided by 377?
335
Calculate the remainder when 302036 is divided by 100660.
56
What is the remainder when 3505382 is divided by 20380?
22
What is the remainder when 241020 is divided by 29638?
3916
What is the remainder when 6602400 is divided by 943200?
0
Calculate the remainder when 9802356 is divided by 1006.
898
What is the remainder when 57632277 is divided by 58?
55
Calculate the remainder when 173752559 is divided by 60.
59
Calculate the remainder when 305499348 is divided by 34.
32
What is the remainder when 1260338 is divided by 3902?
3894
Calculate the remainder when 419724 is divided by 4034.
188
Calculate the remainder when 18121558 is divided by 214.
38
Calculate the remainder when 12128667 is divided by 14269.
17
What is the remainder when 343971 is divided by 1323?
1314
What is the remainder when 750596 is divided by 3459?
3452
Calculate the remainder when 196743 is divided by 1428.
1107
Calculate the remainder when 7557799 is divided by 9971.
9752
Calculate the remainder when 3966311 is divided by 93.
47
What is the remainder when 3407048 is divided by 15?
8
Calculate the remainder when 489832 is divided by 539.
420
Calculate the remainder when 2440001 is divided by 20.
1
What is the remainder when 4151206 is divided by 310?
306
Calculate the remainder when 152389535 is divided by 2198.
2195
What is the remainder when 317683 is divided by 1138?
181
Calculate the remainder when 36253008 is divided by 1697.
1694
What is the remainder when 443956 is divided by 110970?
76
What is the remainder when 30383158 is divided by 2262?
2236
What is the remainder when 49012 is divided by 16090?
742
Calculate the remainder when 732463 is divided by 45778.
15
Calculate the remainder when 31448 is divided by 449.
18
Calculate the remain